3?
13
In base 3, what is -10 + 1111?
1101
In base 6, what is 4 + 2224?
2232
In base 11, what is 71 - -1?
72
In base 16, what is -f - -1?
-e
In base 10, what is -5 - -32?
27
In base 3, what is -10 + -1?
-11
In base 11, what is a435 + -4?
a431
In base 3, what is -120201 + -21?
-120222
In base 8, what is 1 - 1372?
-1371
In base 4, what is -323 + -12?
-1001
In base 10, what is -3056 - -2?
-3054
In base 11, what is -817 + 2?
-815
In base 14, what is 3 - -10?
13
In base 6, what is -202 + 10?
-152
In base 10, what is 9 - 55?
-46
In base 2, what is -1 + -1000111?
-1001000
In base 7, what is 22554 - 4?
22550
In base 7, what is 56 + 32?
121
In base 8, what is -106 + 0?
-106
In base 2, what is 111000101111 - 11?
111000101100
In base 2, what is 1111101010 + 100?
1111101110
In base 11, what is 265 - -53?
308
In base 2, what is -10 - 100111101?
-100111111
In base 12, what is -12 + -28?
-3a
In base 5, what is 424 - 0?
424
In base 9, what is -13 - 4?
-17
In base 10, what is 2 + -49?
-47
In base 7, what is 66 - -241?
340
In base 14, what is 514b - 0?
514b
In base 8, what is -3123 + -3?
-3126
In base 2, what is 11100 - 0?
11100
In base 6, what is 0 - 41413?
-41413
In base 16, what is -5 - 80?
-85
In base 7, what is 35466 + 3?
35502
In base 16, what is 1 - 32e?
-32d
In base 9, what is 48 - 37?
11
In base 4, what is -11 - -3022?
3011
In base 4, what is 112333 - -2?
113001
In base 13, what is 3c + -c2?
-83
In base 13, what is 5 - -457?
45c
In base 11, what is a - aa3?
-a94
In base 5, what is -2241 - -14?
-2222
In base 14, what is 4 + -45?
-41
In base 15, what is 2 + -c5?
-c3
In base 7, what is -11 - 34?
-45
In base 7, what is -11 - 3666?
-4010
In base 12, what is -51 - 1a?
-6b
In base 10, what is 1 - 50?
-49
In base 16, what is -d1 - 4?
-d5
In base 2, what is -10 + 1010000011?
1010000001
In base 2, what is -10 + 1000001000000?
1000000111110
In base 13, what is 3 + 1954?
1957
In base 9, what is -5 + -32?
-37
In base 10, what is -4 - 88?
-92
In base 10, what is 441 - -18?
459
In base 8, what is -165 + -2?
-167
In base 12, what is 52a + -5?
525
In base 13, what is 55 + -3?
52
In base 4, what is 2 + 13122?
13130
In base 6, what is -1451 + 1?
-1450
In base 8, what is 5 - -223?
230
In base 16, what is -e3f + 1?
-e3e
In base 16, what is 4 + -120?
-11c
In base 5, what is -1031 + -32?
-1113
In base 14, what is -c6 + 4?
-c2
In base 5, what is 2 + 14140?
14142
In base 8, what is -16 - 141?
-157
In base 3, what is 0 - -21021?
21021
In base 8, what is 45 + -1107?
-1042
In base 14, what is 2 + -92?
-90
In base 16, what is -5 - 76?
-7b
In base 6, what is 142 - 1241?
-1055
In base 7, what is 0 - 213?
-213
In base 14, what is bd - 3?
ba
In base 7, what is 1 - 0?
1
In base 16, what is -2 + -1d34?
-1d36
In base 6, what is 2 - -1430?
1432
In base 12, what is 4 + -37?
-33
In base 14, what is -3 - 36?
-39
In base 16, what is 4 + -4c?
-48
In base 5, what is 1 - 42111?
-42110
In base 9, what is 83 - 8?
74
In base 7, what is 530 - 11?
516
In base 6, what is -1 - -5331?
5330
In base 8, what is 2 - -163?
165
In base 5, what is -120 + 101?
-14
In base 7, what is -350 - -113?
-234
In base 6, what is 1 - 104?
-103
In base 10, what is 7465 + -2?
7463
In base 4, what is 12110 + 3?
12113
In base 13, what is -50 - -25?
-28
In base 14, what is -2 + 5c?
5a
In base 8, what is 31 - 156?
-125
In base 14, what is -97 - -1?
-96
In base 7, what is -1044 - -10?
-1034
In base 11, what is -1a - -73?
54
In base 3, what is 12 + 12020?
12102
In base 2, what is 1000100 + 0?
1000100
In base 5, what is 20201 - 101?
20100
In base 4, what is -20 + 113?
33
In base 4, what is -1211 + -100?
-1311
In base 2, what is -11000111 - -1?
-11000110
In base 16, what is -1 - 4e?
-4f
In base 9, what is -113 - 5?
-118
In base 11, what is -5 - 3827?
-3831
In base 8, what is 12 + -7361?
-7347
In base 2, what is -100101101 + -1?
-100101110
In base 15, what is 516 - -5?
51b
In base 15, what is 26 - c?
19
In base 11, what is -2 + -1?
-3
In base 12, what is 8359 + 2?
835b
In base 4, what is 10 + 131?
201
In base 7, what is 564 - 3?
561
In base 7, what is 3312 - -4?
3316
In base 11, what is -16a9 - -9?
-16a0
In base 7, what is -1634 + -2?
-1636
In base 4, what is -3113301 - 0?
-3113301
In base 8, what is 65 - -3?
70
In base 6, what is 44 - -13?
101
In base 10, what is -6 + -38?
-44
In base 4, what is 3 - -12113?
12122
In base 8, what is 5511 + 3?
5514
In base 13, what is -1 - -75a?
759
In base 10, what is 0 - -101?
101
In base 6, what is -323 + -3?
-330
In base 15, what is -4 - -a7?
a3
In base 9, what is -133 + -5?
-138
In base 14, what is -95 + 5?
-90
In base 15, what is b - -2?
d
In base 7, what is -34303 + 0?
-34303
In base 15, what is 12 + -38?
-26
In base 14, what is d + -9?
4
In base 14, what is -81 - -5?
-7a
In base 16, what is -6ef - -5?
-6ea
In base 6, what is 2 + -10224?
-10222
In base 15, what is -5 + -1a?
-20
In base 11, what is -4 - -1005?
1001
In base 6, what is 2235 - 142?
2053
In base 11, what is 1 - 293?
-292
In base 16, what is 3 - 2f3?
-2f0
In base 11, what is 1a + 22?
41
In base 2, what is 1 - -11000100001?
11000100010
In base 11, what is -24 - 5?
-29
In base 14, what is -5 + -279?
-280
In base 6, what is 5 + 143?
152
In base 13, what is -337 - 1?
-338
In base 15, what is -16ca - 0?
-16ca
In base 5, what is 1 + -101?
-100
In base 8, what is 1 + 40?
41
In base 15, what is -13e6 - 5?
-13eb
In base 11, what is -5 - 593?
-598
In base 11, what is -5 + 64?
5a
In base 5, what is -100 - 123?
-223
In base 5, what is 3 + 244?
302
In base 4, what is -2 - -33332?
33330
In base 8, what is 4 + 266?
272
In base 3, what is 0 - -221100?
221100
In base 16, what is 96 + 64?
fa
In base 8, what is 3 - 1046?
-1043
In base 10, what is 49 - 242?
-193
In base 8, what is 11 - 250?
-237
In base 10, what is 761 - 6?
755
In base 2, what is 10110 + 101?
11011
In base 10, what is -32 - 1?
-33
In base 4, what is 0 - -330?
330
In base 15, what is 108 - -3?
10b
In base 2, what is -1000 + 1?
-111
In base 12, what is -3a39 + 2?
-3a37
In base 12, what is 36 + 2?
38
In base 14, what is -132 + -8?
-13a
In base 6, what is -30 + 244?
214
In base 3, what is 111 - -12?
200
In base 6, what is 2 - 3121?
-3115
In base 8, what is -6 + 21?
13
In base 12, what is 66 + -25?
41
In base 9, what is -7852 - -1?
-7851
In base 6, what is -524 + -10?
-534
In base 15, what is a - 3?
7
In base 13, what is 0 - -73?
73
In base 13, what is 9c - 0?
9c
In base 14, what is -3 - -280?
27b
In base 5, what is 4 - -3112?
3121
In base 8, what is 11 - -214?
225
In base 14, what is 63 + -39?
28
In base 5, what is 223230 - 3?
223222
In base 10, what is 3 - -640?
643
In base 13, what is 0 + 9a?
9a
In base 7, what is 0 + 43?
43
In base 8, what is -1121 + 3?
-1116
In base 12, what is -5a + 162?
104
In base 4, what is 10 + -300101?
-300031
In base 16, what is d + 6a?
77
In base 13, what is 4 - c8?
-c4
In base 11, what is -20 - 178?
-198
In base 10, what is -2 - -74?
72
In base 8, what is -5 + -534?
-541
In base 5, what is 401 + -4?
342
In base 9, what is 380 - -5?
385
In base 3, what is -10101011 - 11?
-10101022
In base 5, what is -2343 + -104?
-3002
In base 15, what is 1 - 0?
1
In base 8, what is 7 + 3?
12
In base 15, what is 386a + 4?
386e
In base 11, what is 58 - 2?
56
In base 13, what is 13 - -2a?
40
In base 16, what is 14 + 0?
14
In base 10, what is 3 - -253?
256
In base 13, what is -4b + 2?
-49
In base 14, what is -182 + 1?
-181
In base 12, what is -1993 + -2?
-1995
In base 10, what is -47 - 2?
-49
In base 3, what is 2 + -111210?
-111201
In base 13, what is -b4 - -2?
-b2
In base 12, what is -11 - 66?
-77
In base 7, what is -5 - 611?
-616
In base 15, what is -4 + 56?
52
In base 6, what is -12150 + 0?
-12150
In base 16, what is -5 - -aa7?
aa2
In base 12, what is -24 + 40?
18
In base 9, what is 3 - 3331?
-3327
In base 13, what is 58 - -1?
59
In base 10, what is 10488 - 4?
10484
In base 16, what is 4 + -48?
-44
In base 5, what is -2 + 21?
14
In base 12, what is 5 - -2786?
278b
In base 15, what is 4 + -30?
-2b
In base 7, what is 11 - 330?
-316
In base 2, what is -101111000 - 1011?
-110000011
In base 13, what is -5 - 19?
-21
In base 15, what is -182 - -4?
-17d
In base 16, what is 1 - -78?
79
In base 9, what is 11 + 762?
773
In base 7, what is 220 - -60?
310
In base 15, what is 10 - 1b?
-b